{"version":"1.0","provider_name":"F\u00e9d\u00e9ration de Ventolera du Sud","provider_url":"https:\/\/ventoleradelsur.com\/fr","author_name":"admin","author_url":"https:\/\/ventoleradelsur.com\/fr\/author\/admin\/","title":"A.V. Orilla Baja","type":"rich","width":600,"height":338,"html":"<blockquote class=\"wp-embedded-content\" data-secret=\"p44eppGO2G\"><a href=\"https:\/\/ventoleradelsur.com\/fr\/asociaciones-vecinales\/a-v-orilla-baja\/\">AV Basse C\u00f4te<\/a><\/blockquote><iframe sandbox=\"allow-scripts\" security=\"restricted\" src=\"https:\/\/ventoleradelsur.com\/fr\/asociaciones-vecinales\/a-v-orilla-baja\/embed\/#?secret=p44eppGO2G\" width=\"600\" height=\"338\" title=\"\u00ab\u00a0A.V. Orilla Baja\u00a0\u00bb &#8212; Federaci\u00f3n Ventolera del Sur\" data-secret=\"p44eppGO2G\" frameborder=\"0\" marginwidth=\"0\" marginheight=\"0\" scrolling=\"no\" class=\"wp-embedded-content\"><\/iframe><script type=\"text\/javascript\">\n\/* <![CDATA[ *\/\n\/*! This file is auto-generated *\/\n!function(d,l){\"use strict\";l.querySelector&&d.addEventListener&&\"undefined\"!=typeof URL&&(d.wp=d.wp||{},d.wp.receiveEmbedMessage||(d.wp.receiveEmbedMessage=function(e){var t=e.data;if((t||t.secret||t.message||t.value)&&!\/[^a-zA-Z0-9]\/.test(t.secret)){for(var s,r,n,a=l.querySelectorAll('iframe[data-secret=\"'+t.secret+'\"]'),o=l.querySelectorAll('blockquote[data-secret=\"'+t.secret+'\"]'),c=new RegExp(\"^https?:$\",\"i\"),i=0;i<o.length;i++)o[i].style.display=\"none\";for(i=0;i<a.length;i++)s=a[i],e.source===s.contentWindow&&(s.removeAttribute(\"style\"),\"height\"===t.message?(1e3<(r=parseInt(t.value,10))?r=1e3:~~r<200&&(r=200),s.height=r):\"link\"===t.message&&(r=new URL(s.getAttribute(\"src\")),n=new URL(t.value),c.test(n.protocol))&&n.host===r.host&&l.activeElement===s&&(d.top.location.href=t.value))}},d.addEventListener(\"message\",d.wp.receiveEmbedMessage,!1),l.addEventListener(\"DOMContentLoaded\",function(){for(var e,t,s=l.querySelectorAll(\"iframe.wp-embedded-content\"),r=0;r<s.length;r++)(t=(e=s[r]).getAttribute(\"data-secret\"))||(t=Math.random().toString(36).substring(2,12),e.src+=\"#?secret=\"+t,e.setAttribute(\"data-secret\",t)),e.contentWindow.postMessage({message:\"ready\",secret:t},\"*\")},!1)))}(window,document);\n\/* ]]> *\/\n<\/script>","thumbnail_url":"https:\/\/ventoleradelsur.com\/wp-content\/uploads\/2022\/02\/AV-Orilla-Baja.png","thumbnail_width":300,"thumbnail_height":176,"description":"Nuestra asociaci\u00f3n vecinal empieza su andadura en el 1981 fruto de la precariedad que exist\u00eda en nuestras calles, de tierra, las que se iban fabricando, pero ten\u00edamos grandes dificultades para los servicios esenciales como eran el agua, luz, alcantarillado, asfaltado y lugar de encuentros. Gracias a las buenas relaciones entre los vecinos nos fuimos uniendo [&hellip;]"}

Fédération de Ventolera du Sud

<blockquote class="wp-embedded-content" data-secret="p44eppGO2G"><a href="https://ventoleradelsur.com/fr/asociaciones-vecinales/a-v-orilla-baja/">AV Basse Côte</a></blockquote><iframe sandbox="allow-scripts" security="restricted" src="https://ventoleradelsur.com/fr/asociaciones-vecinales/a-v-orilla-baja/embed/#?secret=p44eppGO2G" width="600" height="338" title="« A.V. Orilla Baja » &#8212; Federación Ventolera del Sur" data-secret="p44eppGO2G" frameborder="0" marginwidth="0" marginheight="0" scrolling="no" class="wp-embedded-content"></iframe><script type="text/javascript">
/* <![CDATA[ */
/*! This file is auto-generated */
!function(d,l){"use strict";l.querySelector&&d.addEventListener&&"undefined"!=typeof URL&&(d.wp=d.wp||{},d.wp.receiveEmbedMessage||(d.wp.receiveEmbedMessage=function(e){var t=e.data;if((t||t.secret||t.message||t.value)&&!/[^a-zA-Z0-9]/.test(t.secret)){for(var s,r,n,a=l.querySelectorAll('iframe[data-secret="'+t.secret+'"]'),o=l.querySelectorAll('blockquote[data-secret="'+t.secret+'"]'),c=new RegExp("^https?:$","i"),i=0;i<o.length;i++)o[i].style.display="none";for(i=0;i<a.length;i++)s=a[i],e.source===s.contentWindow&&(s.removeAttribute("style"),"height"===t.message?(1e3<(r=parseInt(t.value,10))?r=1e3:~~r<200&&(r=200),s.height=r):"link"===t.message&&(r=new URL(s.getAttribute("src")),n=new URL(t.value),c.test(n.protocol))&&n.host===r.host&&l.activeElement===s&&(d.top.location.href=t.value))}},d.addEventListener("message",d.wp.receiveEmbedMessage,!1),l.addEventListener("DOMContentLoaded",function(){for(var e,t,s=l.querySelectorAll("iframe.wp-embedded-content"),r=0;r<s.length;r++)(t=(e=s[r]).getAttribute("data-secret"))||(t=Math.random().toString(36).substring(2,12),e.src+="#?secret="+t,e.setAttribute("data-secret",t)),e.contentWindow.postMessage({message:"ready",secret:t},"*")},!1)))}(window,document);
/* ]]> */
</script>

Nuestra asociación vecinal empieza su andadura en el 1981 fruto de la precariedad que existía en nuestras calles, de tierra, las que se iban fabricando, pero teníamos grandes dificultades para los servicios esenciales como eran el agua, luz, alcantarillado, asfaltado y lugar de encuentros. Gracias a las buenas relaciones entre los vecinos nos fuimos uniendo [&hellip;]
