{"version":"1.0","provider_name":"F\u00e9d\u00e9ration de Ventolera du Sud","provider_url":"https:\/\/ventoleradelsur.com\/fr","author_name":"admin","author_url":"https:\/\/ventoleradelsur.com\/fr\/author\/admin\/","title":"A.V. La Vereda","type":"rich","width":600,"height":338,"html":"<blockquote class=\"wp-embedded-content\" data-secret=\"qntNvDOFCY\"><a href=\"https:\/\/ventoleradelsur.com\/fr\/asociaciones-vecinales\/a-v-la-vereda\/\">AV La Vereda<\/a><\/blockquote><iframe sandbox=\"allow-scripts\" security=\"restricted\" src=\"https:\/\/ventoleradelsur.com\/fr\/asociaciones-vecinales\/a-v-la-vereda\/embed\/#?secret=qntNvDOFCY\" width=\"600\" height=\"338\" title=\"\u00ab\u00a0A.V. La Vereda\u00a0\u00bb &#8212; Federaci\u00f3n Ventolera del Sur\" data-secret=\"qntNvDOFCY\" frameborder=\"0\" marginwidth=\"0\" marginheight=\"0\" scrolling=\"no\" class=\"wp-embedded-content\"><\/iframe><script type=\"text\/javascript\">\n\/* <![CDATA[ *\/\n\/*! This file is auto-generated *\/\n!function(d,l){\"use strict\";l.querySelector&&d.addEventListener&&\"undefined\"!=typeof URL&&(d.wp=d.wp||{},d.wp.receiveEmbedMessage||(d.wp.receiveEmbedMessage=function(e){var t=e.data;if((t||t.secret||t.message||t.value)&&!\/[^a-zA-Z0-9]\/.test(t.secret)){for(var s,r,n,a=l.querySelectorAll('iframe[data-secret=\"'+t.secret+'\"]'),o=l.querySelectorAll('blockquote[data-secret=\"'+t.secret+'\"]'),c=new RegExp(\"^https?:$\",\"i\"),i=0;i<o.length;i++)o[i].style.display=\"none\";for(i=0;i<a.length;i++)s=a[i],e.source===s.contentWindow&&(s.removeAttribute(\"style\"),\"height\"===t.message?(1e3<(r=parseInt(t.value,10))?r=1e3:~~r<200&&(r=200),s.height=r):\"link\"===t.message&&(r=new URL(s.getAttribute(\"src\")),n=new URL(t.value),c.test(n.protocol))&&n.host===r.host&&l.activeElement===s&&(d.top.location.href=t.value))}},d.addEventListener(\"message\",d.wp.receiveEmbedMessage,!1),l.addEventListener(\"DOMContentLoaded\",function(){for(var e,t,s=l.querySelectorAll(\"iframe.wp-embedded-content\"),r=0;r<s.length;r++)(t=(e=s[r]).getAttribute(\"data-secret\"))||(t=Math.random().toString(36).substring(2,12),e.src+=\"#?secret=\"+t,e.setAttribute(\"data-secret\",t)),e.contentWindow.postMessage({message:\"ready\",secret:t},\"*\")},!1)))}(window,document);\n\/* ]]> *\/\n<\/script>","thumbnail_url":"https:\/\/ventoleradelsur.com\/wp-content\/uploads\/2022\/02\/AV-La-Vereda.png","thumbnail_width":300,"thumbnail_height":323,"description":"La Asociaci\u00f3n de Vecinos La Vereda El Canario est\u00e1 situada en la zona Barrio El Canario . Con una antig\u00fcedad de m\u00e1s de 40 a\u00f1os. La junta directiva actual est\u00e1 constituida por un buen n\u00famero de personas entre ellos j\u00f3venes con gran cantidad de inquietudes que se esfuerzan por trasladar a los vecinos con la [&hellip;]"}

Fédération de Ventolera du Sud

<blockquote class="wp-embedded-content" data-secret="qntNvDOFCY"><a href="https://ventoleradelsur.com/fr/asociaciones-vecinales/a-v-la-vereda/">AV La Vereda</a></blockquote><iframe sandbox="allow-scripts" security="restricted" src="https://ventoleradelsur.com/fr/asociaciones-vecinales/a-v-la-vereda/embed/#?secret=qntNvDOFCY" width="600" height="338" title="« A.V. La Vereda » &#8212; Federación Ventolera del Sur" data-secret="qntNvDOFCY" frameborder="0" marginwidth="0" marginheight="0" scrolling="no" class="wp-embedded-content"></iframe><script type="text/javascript">
/* <![CDATA[ */
/*! This file is auto-generated */
!function(d,l){"use strict";l.querySelector&&d.addEventListener&&"undefined"!=typeof URL&&(d.wp=d.wp||{},d.wp.receiveEmbedMessage||(d.wp.receiveEmbedMessage=function(e){var t=e.data;if((t||t.secret||t.message||t.value)&&!/[^a-zA-Z0-9]/.test(t.secret)){for(var s,r,n,a=l.querySelectorAll('iframe[data-secret="'+t.secret+'"]'),o=l.querySelectorAll('blockquote[data-secret="'+t.secret+'"]'),c=new RegExp("^https?:$","i"),i=0;i<o.length;i++)o[i].style.display="none";for(i=0;i<a.length;i++)s=a[i],e.source===s.contentWindow&&(s.removeAttribute("style"),"height"===t.message?(1e3<(r=parseInt(t.value,10))?r=1e3:~~r<200&&(r=200),s.height=r):"link"===t.message&&(r=new URL(s.getAttribute("src")),n=new URL(t.value),c.test(n.protocol))&&n.host===r.host&&l.activeElement===s&&(d.top.location.href=t.value))}},d.addEventListener("message",d.wp.receiveEmbedMessage,!1),l.addEventListener("DOMContentLoaded",function(){for(var e,t,s=l.querySelectorAll("iframe.wp-embedded-content"),r=0;r<s.length;r++)(t=(e=s[r]).getAttribute("data-secret"))||(t=Math.random().toString(36).substring(2,12),e.src+="#?secret="+t,e.setAttribute("data-secret",t)),e.contentWindow.postMessage({message:"ready",secret:t},"*")},!1)))}(window,document);
/* ]]> */
</script>

La Asociación de Vecinos La Vereda El Canario está situada en la zona Barrio El Canario . Con una antigüedad de más de 40 años. La junta directiva actual está constituida por un buen número de personas entre ellos jóvenes con gran cantidad de inquietudes que se esfuerzan por trasladar a los vecinos con la [&hellip;]
